 a multiple of 81?
False
Is 603790734 a multiple of 53?
True
Does 1585 divide 8772975?
True
Is 11 a factor of 18892500?
True
Is 1355669906 a multiple of 87?
False
Is 93184088 a multiple of 590?
False
Is 5 a factor of 573182755?
True
Is 488 a factor of 77535392?
True
Is 892605628 a multiple of 45?
False
Is 827659 a multiple of 17?
False
Is 607216751 a multiple of 1920?
False
Is 171754646 a multiple of 977?
True
Is 39764014 a multiple of 82?
True
Is 28 a factor of 50014747?
False
Is 125878715 a multiple of 5?
True
Does 1985 divide 1111240715?
True
Does 36 divide 1832796185?
False
Does 113 divide 87951403?
True
Is 451579030 a multiple of 2550?
False
Is 212710541 a multiple of 1416?
False
Does 64 divide 24950656?
True
Is 820 a factor of 18782489?
False
Is 250344960 a multiple of 80?
True
Does 10 divide 1130099?
False
Is 85 a factor of 371960410?
False
Does 120 divide 296806680?
True
Is 274391345 a multiple of 4215?
False
Is 10 a factor of 16094914?
False
Is 95195925 a multiple of 3?
True
Is 29428717 a multiple of 4?
False
Is 197 a factor of 139847195?
False
Is 1319 a factor of 207486242?
False
Is 1218 a factor of 1855067775?
False
Is 3870580093 a multiple of 620?
False
Is 46526585 a multiple of 805?
True
Does 18 divide 37340393?
False
Does 1169 divide 342927319?
True
Does 164 divide 59769571?
False
Does 4377 divide 7261418945?
False
Is 266507575 a multiple of 553?
False
Is 4754 a factor of 673356560?
True
Does 350 divide 1528559200?
True
Does 79 divide 978657214?
True
Is 15475133 a multiple of 30?
False
Is 4 a factor of 1025007577?
False
Does 627 divide 1261530667?
False
Is 3480281 a multiple of 9?
False
Is 29786673 a multiple of 28?
False
Is 22945274 a multiple of 38?
True
Is 39056641 a multiple of 41?
True
Is 15 a factor of 166995780?
True
Is 116060620 a multiple of 260?
True
Is 106 a factor of 28209674?
True
Is 632175606 a multiple of 743?
True
Does 827 divide 66527188?
True
Does 381 divide 796121598?
True
Is 3787140 a multiple of 70?
True
Does 1654 divide 442977588?
True
Is 13 a factor of 1404799829?
False
Does 326 divide 28670148?
False
Is 10921442 a multiple of 1498?
False
Is 1611733348 a multiple of 68?
True
Is 13094881 a multiple of 14?
False
Is 261584640 a multiple of 1856?
True
Is 14105389 a multiple of 217?
False
Is 394 a factor of 208074266?
False
Is 14 a factor of 54550048?
True
Does 2396 divide 187647532?
True
Is 29 a factor of 2692360?
True
Does 170 divide 19467550?
True
Is 15 a factor of 150338430?
True
Is 9279 a factor of 1775638719?
True
Is 12 a factor of 40926008?
False
Does 709 divide 414273794?
False
Is 194 a factor of 38651396?
True
Does 185 divide 2020184?
False
Does 17 divide 83504481?
False
Does 64 divide 255431615?
False
Does 37 divide 185255004?
True
Does 58 divide 357697078?
True
Is 48 a factor of 17372084?
False
Is 780020316 a multiple of 3247?
True
Is 175803419 a multiple of 220?
False
Does 17 divide 233044398?
True
Does 51 divide 4419749671?
False
Is 292229694 a multiple of 2958?
True
Is 47 a factor of 12628992?
False
Is 74739591 a multiple of 9?
True
Is 20 a factor of 16809794?
False
Is 221337898 a multiple of 2?
True
Is 95638953 a multiple of 114?
False
Is 447 a factor of 157874589?
True
Is 4 a factor of 65377559?
False
Is 816931590 a multiple of 845?
False
Is 191862722 a multiple of 19?
True
Is 5093 a factor of 755598411?
False
Is 208283943 a multiple of 79?
False
Does 389 divide 51029208?
False
Does 2311 divide 156015610?
True
Does 49 divide 165386515?
True
Is 107813277 a multiple of 209?
True
Does 4435 divide 146062290?
True
Does 21 divide 30020073?
False
Is 1066821198 a multiple of 6?
True
Does 733 divide 9605965?
True
Does 46 divide 77278574?
True
Is 225026032 a multiple of 48?
False
Is 58 a factor of 2379562288?
True
Is 74 a factor of 157759270?
False
Is 18 a factor of 658059192?
True
Is 36 a factor of 4710462?
False
Does 264 divide 3356155176?
True
Is 233838649 a multiple of 1296?
False
Is 137164178 a multiple of 8?
False
Is 443880667 a multiple of 15?
False
Is 44295069 a multiple of 13?
True
Is 34813956 a multiple of 1251?
False
Is 15934705 a multiple of 2?
False
Does 261 divide 26470881?
True
Is 2355877 a multiple of 6?
False
Is 107 a factor of 299167999?
False
Is 233402874 a multiple of 501?
True
Does 1224 divide 26163643?
False
Is 78 a factor of 162285764?
False
Is 8 a factor of 4330248?
True
Is 29 a factor of 506634727?
True
Is 2047 a factor of 67632880?
True
Is 28 a factor of 23752176?
True
Is 7 a factor of 39583103?
True
Is 50 a factor of 4833071400?
True
Is 48025267 a multiple of 152?
False
Is 36 a factor of 557829180?
True
Is 322 a factor of 5660287?
False
Does 27 divide 28295801?
False
Is 1890 a factor of 804677664?
False
Is 3035538016 a multiple of 1184?
True
Is 334257179 a multiple of 146?
False
Is 154 a factor of 948043592?
False
Does 831 divide 321578718?
True
Is 121820466 a multiple of 138?
True
Is 169144416 a multiple of 56?
True
Is 1474893583 a multiple of 15?
False
Does 85 divide 101558255?
True
Is 5 a factor of 45375815?
True
Does 199 divide 200246735?
True
Is 3 a factor of 8158794?
True
Does 87 divide 985557489?
True
Is 3104705 a multiple of 35?
False
Does 35 divide 1506079356?
False
Does 57 divide 59463597?
True
Does 161 divide 198491400?
False
Is 1487717410 a multiple of 18?
False
Is 4721 a factor of 43815601?
True
Is 10 a factor of 16610860?
True
Is 612 a factor of 10812511?
False
Does 8 divide 822069156?
False
Is 3661192 a multiple of 43?
True
Is 92 a factor of 26390293?
False
Is 89 a factor of 78692065?
False
Does 9 divide 647755353?
True
Is 115 a factor of 2415653577?
False
Is 482 a factor of 111273556?
True
Does 344 divide 33189372?
False
Does 244 divide 7841428?
True
Is 29850400 a multiple of 160?
True
Is 908 a factor of 8722467?
False
Is 411 a factor of 452404042?
False
Is 2367 a factor of 526025511?
True
Is 30 a factor of 94383990?
True
Does 43 divide 20366262?
True
Does 600 divide 1900165200?
True
Is 183576463 a multiple of 3074?
False
Is 106618038 a multiple of 1574?
True
Is 8 a factor of 44938096?
True
Is 102165054 a multiple of 74?
False
Does 97 divide 27608043?
True
Is 39 a factor of 3699384?
True
Is 412 a factor of 629100104?
True
Is 22 a factor of 14222934?
True
Does 219 divide 124713208?
False
Is 1135949729 a multiple of 2017?
False
Does 11 divide 7670221659?
False
Is 758387476 a multiple of 2404?
True
Does 58 divide 135517232?
True
Does 105 divide 201739192?
False
Is 88220556 a multiple of 36?
True
Is 180 a factor of 11515252?
False
Does 47 divide 206072185?
False
Is 16 a factor of 43408582?
False
Is 9807655 a multiple of 605?
True
Is 49156039 a multiple of 37?
False
Is 287356966 a multiple of 13?
True
Is 39124480 a multiple of 155?
True
Does 26 divide 13039676?
True
Is 2471083 a multiple of 16?
False
Is 33 a factor of 545158341?
False
Does 23 divide 106327033?
False
Does 17 divide 1536144171?
False
Is 17 a factor of 206965667?
True
Is 15179808 a multiple of 903?
False
Does 34 divide 222139271?
False
Is 363665450 a multiple of 51?
False
Is 3574158676 a multiple of 17?
True
Is 1094 a factor of 573828246?
False
Does 5193 divide 1737930246?
False
Is 24307610 a multiple of 10?
True
Is 49 a factor of 68184397?
False
Does 184 divide 843824?
True
Does 14 divide 39346832?
True
Does 5 divide 22118281?
False
Is 14 a factor of 441935764?
False
Is 45 a factor of 242386731?
False
Does 127 divide 728694663?
False
Does 29 divide 1388034221?
True
Is 5977 a factor of 582590144?
True
Does 993 divide 3022730868?
False
Is 128 a factor of 1097450240?
True
Is 76973866 a multiple of 6?
False
Is 180415367 a multiple of 37?
True
Does 534 divide 29349385?
False
Is 469 a factor of 38175241?
False
Is 1732 a factor of 39487868?
True
Is 460 a factor of 77182020?
True
Does 699 divide 98875826?
False
Is 238404276 a multiple of 5498?
True
Is 81680862 a multiple of 6?
True
Is 38756976 a multiple of 104?
False
Does 17 divide 613175366?
False
Is 17722823 a multiple of 17?
True
Is 62619216 a multiple of 466?
True
Is 444 a factor of 410324386?
False
Is 911 a factor of 2013843846?
True
Does 13 divide 78273636?
False
Does 9079 divide 2963221692?
False
Is 34433555 a multiple of 321?
False
Is 1987 a factor of 245555229?
False
Is 73785188 a multiple of 21?
False
Does 22 divide 19067585?
False
Does 39 divide